{"id":34,"date":"2017-06-06T17:58:37","date_gmt":"2017-06-06T15:58:37","guid":{"rendered":"http:\/\/citedeladanse87.fr\/?page_id=34"},"modified":"2025-07-22T11:16:40","modified_gmt":"2025-07-22T09:16:40","slug":"tarifs","status":"publish","type":"page","link":"http:\/\/citedeladanse87.fr\/?page_id=34","title":{"rendered":"Tarifs"},"content":{"rendered":"<p>[vc_row][vc_column][vc_column_text]Inscription\u00a0: 12\u20ac<\/p>\n<p>Cours \u00e0 l&rsquo;Unit\u00e9 : 13 \u20ac<\/p>\n<ul>\n<li>1 Discipline : 38\u20ac \/ Mois \u2013 Trimestre : 105\u20ac \u2013 Ann\u00e9e : 300\u20ac<\/li>\n<li>2 Disciplines : 70\u20ac \/ Mois \u2013 Trimestre : 190\u20ac \u2013 Ann\u00e9e : 545\u20ac<\/li>\n<li>3 Disciplines : 100\u20ac \/ Mois \u2013 Trimestre : 270\u20ac \u2013 Ann\u00e9e : 750\u20ac<\/li>\n<li>Forfait illimit\u00e9 : 140\u20ac \/ Mois \u2013 Trimestre : 370\u20ac \u2013 Ann\u00e9e : 990\u20ac &#8211; ou 3 Personnes (Max.) de la m\u00eame famille<\/li>\n<li>Forfait Forme + \u00c9veils \/ Initiations : 37\u20ac \/ Mois \u2013 Trimestre : 105\u20ac \u2013 Ann\u00e9e : 300\u20ac (Renforcement \u00c9tirement en musique + Zumba \u00e0 volont\u00e9)<\/li>\n<\/ul>\n<p>Le mois de septembre se r\u00e8gle seul avec l&rsquo;inscription. Puis, tous les r\u00e8glements doivent se faire d\u00e9but octobre pour l\u2019ann\u00e9e : soit 1 r\u00e8glement, soit 9 ch\u00e8ques mensuels, soit 3 ch\u00e8ques trimestriels.<\/p>\n<p>Toute ann\u00e9e commenc\u00e9e sera due.<\/p>\n<p>Certificats m\u00e9dicaux obligatoires ![\/vc_column_text][\/vc_column][\/vc_row]<\/p>\n","protected":false},"excerpt":{"rendered":"<p>[vc_row][vc_column][vc_column_text]Inscription\u00a0: 12\u20ac Cours \u00e0 l&rsquo;Unit\u00e9 : 13 \u20ac 1 Discipline : 38\u20ac \/ Mois \u2013 Trimestre : 105\u20ac \u2013 Ann\u00e9e : 300\u20ac 2 Disciplines : 70\u20ac \/ Mois \u2013 Trimestre : 190\u20ac \u2013 Ann\u00e9e : 545\u20ac 3 Disciplines : 100\u20ac \/ Mois \u2013 Trimestre : 270\u20ac \u2013 Ann\u00e9e : 750\u20ac Forfait illimit\u00e9 : 140\u20ac \/&hellip;<\/p>\n","protected":false},"author":1,"featured_media":0,"parent":0,"menu_order":0,"comment_status":"closed","ping_status":"closed","template":"","meta":{"footnotes":""},"_links":{"self":[{"href":"http:\/\/citedeladanse87.fr\/index.php?rest_route=\/wp\/v2\/pages\/34"}],"collection":[{"href":"http:\/\/citedeladanse87.fr\/index.php?rest_route=\/wp\/v2\/pages"}],"about":[{"href":"http:\/\/citedeladanse87.fr\/index.php?rest_route=\/wp\/v2\/types\/page"}],"author":[{"embeddable":true,"href":"http:\/\/citedeladanse87.fr\/index.php?rest_route=\/wp\/v2\/users\/1"}],"replies":[{"embeddable":true,"href":"http:\/\/citedeladanse87.fr\/index.php?rest_route=%2Fwp%2Fv2%2Fcomments&post=34"}],"version-history":[{"count":7,"href":"http:\/\/citedeladanse87.fr\/index.php?rest_route=\/wp\/v2\/pages\/34\/revisions"}],"predecessor-version":[{"id":2132,"href":"http:\/\/citedeladanse87.fr\/index.php?rest_route=\/wp\/v2\/pages\/34\/revisions\/2132"}],"wp:attachment":[{"href":"http:\/\/citedeladanse87.fr\/index.php?rest_route=%2Fwp%2Fv2%2Fmedia&parent=34"}],"curies":[{"name":"wp","href":"https:\/\/api.w.org\/{rel}","templated":true}]}}